 5*i**2 + 0*i**2 - 3*i**3 - 2 + i**2 + 2*i**3. Determine n(b).
-2
Let q(o) = 37*o - 156*o + 43*o + 38*o + 39*o. What is q(-8)?
-8
Let a(r) = 7*r + 19. Let f(n) = 4. Let i(m) = -a(m) + 6*f(m). Calculate i(-4).
33
Let w be (21/6)/(1/2). Let l(h) = -w*h**3 + 18*h**3 - 1 - 6*h**2 - 12*h**3. Let b(y) = -y**2 - 2. Let p be b(-2). What is l(p)?
-1
Let i(u) be the third derivative of u**4/12 + 4*u**3 + 572*u**2. Give i(-9).
6
Let o(h) = 3*h**2 + 24*h + 15. Let l be o(-7). Let b(k) be the third derivative of k**4/12 + 3*k**3/2 - k**2. What is b(l)?
-3
Let r(n) be the third derivative of -n**6/120 + n**5/6 - 11*n**4/24 + 4*n**3/3 + 134*n**2 - n. Give r(9).
-10
Let z = -2 - -7. Suppose -16 = z*y - 6*y. Let r be y/(-6)*135/60. Let b(a) = a**3 + 5*a**2 - 4*a + 5. Give b(r).
-7
Let b be -1 - (-5 - (-3)/3). Let x(w) = -1 + w + b*w**2 + w + 0*w**2. Suppose 10*r = -172 + 152. What is x(r)?
7
Let q(j) = -3*j + 258 + j - 517 + 258 + 3*j**3. Calculate q(-1).
-2
Let w be (-3)/2*1*2. Let q(l) be the third derivative of l**4/8 + 2*l**3/3 - l**2. Determine q(w).
-5
Suppose -1592*x = -1556*x + 252. Let z(j) be the second derivative of j**4/12 + 5*j**3/6 - 5*j**2 + j. Calculate z(x).
4
Let d(s) = s**2 + 2*s**2 + 2*s - 2*s**2 - 4*s**2 - 1. Let w = 13 + -10. Suppose -w*c = -c - 2. Calculate d(c).
-2
Let c(g) be the first derivative of -g**2/2 - 9*g - 782. Let t = -1 + 1. Give c(t).
-9
Let h(i) be the first derivative of -i**2 + 4*i + 36. What is h(-8)?
20
Let f(b) = -b - 8. Let r be (1 + 5/3)*3/2. Let s be 236/295*2/r*-15. What is f(s)?
-2
Let v be ((-54)/(-63))/((-2)/(-28)). Suppose 0 = g + g - v. Let c(u) = u**2 - 3*u - 7. Calculate c(g).
11
Let a(n) = -n + 3. Let s be a(1). Let d(c) = -9 - 6 - 1 + s*c. Determine d(11).
6
Let d(t) = 4*t - 27. Let q be d(8). Suppose q = 3*s - 10. Let b(o) = -o**2 + o + 1. Let g(z) = -2*z**2 + 5*z + 1. Let u(n) = -b(n) + g(n). Calculate u(s).
-5
Let l(i) = i**2 + 6*i - 9. Suppose -5*b + 5*h - 50 = -0*h, -2*h - 29 = 5*b. What is l(b)?
-2
Let l(w) = -34*w**2 + w + 1. Suppose 5*b - 2*c + 3 = -8, -4*b + 2 = 2*c. Calculate l(b).
-34
Let w(s) be the third derivative of -s**5/30 - s**4/8 + 2*s**3/3 - 16*s**2 + 1. Suppose -3*g - 6 = 3. Determine w(g).
-5
Let y(h) = h**2 + 7*h + 2. Let k be (-74)/(-14) - 140/490. Determine y(k).
62
Let o = 1603 + -1600. Let b(x) = x**3 - 3*x**2 + 3*x - 6. Give b(o).
3
Let n(d) be the third derivative of -1/12*d**4 + 0 + 1/6*d**3 + 0*d - 7*d**2. Let v = 6 + 0. Give n(v).
-11
Suppose b - d + 14 = 0, 26 + 34 = -5*b + 3*d. Let q(v) = v**2 + 8*v - 10. Give q(b).
-1
Let a be (-2 - -1)*-5 + -53 + 51. Let o(x) = x**3 - 3*x**2 - 2*x + 1. Give o(a).
-5
Let b(q) = q**3 + 6*q**2 + 6*q - 6. Let r(c) = c**3 - 8*c**2 - c + 3. Let d be -7 + (0 - -2) + 4. Let f be -2 + 2 - (-7 + d). Let v be r(f). Give b(v).
-11
Let l be (-5 + 0 + -5)/((-1)/(-2)). Let o be (10/l)/(1/6). Let c(v) = v**3 + 3*v**2 - 4. Determine c(o).
-4
Let y(i) = -i**3 + 5*i**2 - 3*i - 4. Let n be 5/((-4)/8 + 3). Let j(v) = -3*v**3 + 16*v**2 - 10*v - 13. Let h(t) = n*j(t) - 7*y(t). Calculate h(2).
0
Let b be ((-21)/(-6))/(2/4) - 4. Suppose 0 = t - l, -2*l = -b*t - 3*l. Let x(j) = j**3 + j**2 - j + 4. What is x(t)?
4
Let n(z) = z**3 - 3*z**2 - 7*z + 6. Suppose -g - 34 = -45. Let b = 2 - -13. Let i = b - g. Determine n(i).
-6
Let l(h) be the first derivative of -h**4/4 - 5*h**3/3 - 5*h**2/2 - 7*h - 20. What is l(-5)?
18
Let x(o) = -o**2 - 15*o - 47. Let b be x(-10). Let f(s) be the first derivative of 0*s**2 + 7/4*s**4 - b + s + 0*s**3. Calculate f(-1).
-6
Let w(p) = p. Let h = 4 - 2. Let s = 3 - h. Let d be 5/(-1*(2 - s)). Calculate w(d).
-5
Let k be 2/(-5) - (-12)/5. Let i(d) be the second derivative of 36*d + 1/2*d**2 + 1/3*d**3 + 0. Calculate i(k).
5
Let j(g) = -g**2 - 14*g + 2. Let s be 5*1 - (37 - (-45)/(-3)). Determine j(s).
-49
Let t(b) be the first derivative of b**4/4 + 8*b**3/3 - 18*b + 158. What is t(-8)?
-18
Let c(g) be the third derivative of -g**4/6 + g**3/3 + g**2. Let p = -33 - -10. Let o = p + 25. Determine c(o).
-6
Let p(g) = 45 - 20*g - 34 + 6*g - 12*g**2 + g**3. Give p(13).
-2
Let s(m) = 2*m**3 + 4*m**2 + 3. Let o be s(3). Let u(d) = d + o - 96 - d**2 + 5*d. Calculate u(4).
5
Let r(a) = 1 - 9*a**3 + 4*a - 4*a. Calculate r(1).
-8
Let o = -263 + 248. Let v(n) = n**3 + 14*n**2 - 16*n - 15. What is v(o)?
0
Let w(m) = -m**2 - 7*m + 7. Let g be (60/90)/(4/(-66)). Calculate w(g).
-37
Let g be 12*-1*((-10)/6 - -2). Let d(y) = 2*y**3 + 7*y**2 + 5*y - 8. Let h(m) = 3*m**3 + 8*m**2 + 6*m - 9. Let c(t) = g*d(t) + 3*h(t). Determine c(5).
20
Suppose -3*c - 30 = -5*n, -22*c = -5*n - 24*c + 5. Let f(v) be the second derivative of 7*v + 1/20*v**5 + 5/6*v**n + 1/2*v**4 - 3/2*v**2 + 0. Determine f(-5).
-3
Let l be (-6)/(-24) + (-95)/(-4). Suppose l = -0*c + 4*c. Let r(m) = -4*m - m**3 + 5*m + c + m + 4*m**2 + 3*m. Give r(5).
6
Suppose 2*v - 13 = 5*p + 10, 0 = 3*v + 5*p - 72. Suppose 4*j - 6*w - v = -w, -w - 23 = -4*j. Let c(b) = b + 2. Give c(j).
8
Let o be ((-2)/4)/((-3)/(-18)). Let m(v) be the second derivative of -v**4/12 - v**3/6 - 2*v**2 - 24*v + 3. Calculate m(o).
-10
Suppose -3*h = 4*t + 14, -21 - 5 = -3*h + 4*t. Let l(v) be the third derivative of -1/12*v**4 + 5/6*v**3 - 4*v**h + 0*v + 0. Give l(4).
-3
Let h be (-15)/9*-2*3/5. Suppose h*x + d - 19 = -2*x, 0 = 4*x + 5*d - 31. Let q(w) = w**3 - 4*w**2 + 6*w - 3. Determine q(x).
21
Let v(g) = g**2 + 6*g + 9. Suppose 0 = -2*q - 4*s - 2, 20 = -2*q + s + s. Give v(q).
16
Let v(n) = -n**3 + 2*n**2 + n - 1. Let y be (-6 - -3)*2/(-3). Let i(j) = 1 - 2*j**2 - 4 + 5*j + 1 + j**y. Let b be i(4). What is v(b)?
1
Suppose -4*b = -4*m - 132, -17 = 2*m - m + 3*b. Let g = m + 30. Let i(l) = g - 2 + 9*l - 8*l. What is i(3)?
2
Suppose -16*g + 16 + 32 = 0. Let s(k) = 8*k**2 + 4*k + 1 + k + 3*k**2 - 13*k**2 - k**g. Calculate s(-4).
13
Suppose 5*o - 3*v - 171 = 0, -3*o = 3*v - 0*v - 117. Let k(j) = -j + 57 - 34 - o. Give k(-6).
-7
Let y(r) = -r - 5. Let z(q) = 2*q**2 - 6*q. Let g be z(3). Suppose g*d - 21 = d - 4*p, 0 = -p + 4. What is y(d)?
0
Let a = 71 + -69. Let r(w) = 3*w**3 + 7*w**2 - w - 11. Let q(h) = -2*h**3 - 4*h**2 + h + 6. Let u(g) = -5*q(g) - 3*r(g). Give u(a).
3
Let b(n) be the second derivative of 3*n**5/10 - n**4/12 + n**3/3 - n**2 + 8*n + 5. Determine b(2).
46
Let v(s) = s**3 + 7*s**2 + s + 8. Let b be v(-7). Let f be b - (-2 - -11)/(-3). Suppose 0*j = -j - f. Let r(m) = -m**2 - 3*m - 5. Calculate r(j).
-9
Let h(c) = c**2 - c - 1. Let x be h(3). Let t(u) = 35*u - 26*u + 2 + 7*u - 17*u. Give t(x).
-3
Let r be 2/1 - 1 - -2. Let n(p) = 3 + r*p - 3*p - 4*p. Suppose -5*d - 4*l + 26 = 0, 8*d - l = -2*d + 16. What is n(d)?
-5
Let g(j) = -j - 7 - 2*j + 3*j + j. Let o(h) = -2*h + 2. Let c be o(-2). Give g(c).
-1
Suppose 2*r + 3*j - 5*j = 2, -5*r - 4*j + 14 = 0. Let p(u) = -u**r - 2 + 0*u + 6*u - 3. Suppose 4*c + 5*g + 1 = -3, -g = 4. Give p(c).
3
Let o(w) = 2*w - 1. Suppose 10 + 10 = -20*k. Calculate o(k).
-3
Let j(c) = c**3 + 18*c**2 + 15*c - 17. Let h be j(-17). Let w = 22 - h. Let t(z) = z**3 - 6*z**2 + 7*z - 2. What is t(w)?
8
Suppose -23*j - 101 = 37. Let k(x) = x**3 + 3*x**2 + x - 1. Let f be k(-2). Let g(l) = -2 - 4 - f - l. What is g(j)?
-1
Suppose -3*y + 4*y - v = 2, 4*y = -v + 33. Let l(n) = -2*n - 1. What is l(y)?
-15
Let r = -30 + 17. Let q be 9/(-3)*r/3. Let u(f) = -f**2 + 12*f - 18*f - 6 + q*f. What is u(4)?
6
Let v(n) = -2*n - 2. Let f = -359 - -356. Calculate v(f).
4
Let t(z) = -14 - z + 2*z**3 + 44 - 18 + 2*z**2 - 11. Let a(h) = -h + 2. Let l be a(4). Let o be t(l). Let c(d) = d + 8. Determine c(o).
3
Let o(x) = -16*x**2 - 15 - 4*x + 9*x**3 - 8*x**3 - 6*x - 6*x + 0*x. What is o(17)?
2
Let l(b) = b + 3. Suppose 135*w - 138*w - 12 = 0. What is l(w)?
-1
Let h(g) be the third derivative of g**6/180 + g**5/120 + g**4/24 - 10*g**3/3 + 27*g**2. Let l(f) be the first derivative of h(f). What is l(2)?
11
Let o(p) be the first derivative of p**4/4 - 2*p**3 - p**2 + 9*p - 3. Let i be ((-12)/(-16))/1*8. Let u be o(i). Let z(j) = j + 4. Calculate z(u).
1
Let h(w) = 3*w**3 - 4*w**2 - 3*w - 2*w**2 + 14 + 2*w**3 - 7*w**3 + 3*w**3. Give h(6).
-4
Let n be (-6)/4*20/(-6). Suppose -s - 12 = -5*i, -5*i + 13 = -4*s - n. Let p(o) = -3*o**2 + 3*o**3 - 5 - 2*o - i*o**3 + 4. Determine p(2).
-9
Suppose -145 = 4*l + 47. Let f =